f n and 11.
11
Suppose 3*c - 31 = 23. Suppose -15*q - 138 = -c*q. Calculate the greatest common divisor of 115 and q.
23
Suppose 4*g - 372 = 188. Let l(f) = f**3 - 11*f**2 + 7*f - 12. Let w be l(10). Let b = -28 - w. What is the highest common divisor of g and b?
14
Let u(c) = 10*c**3 + c**2 - 1. Let k be u(1). Suppose 7 = 2*n + 5*t - 10, n = -4*t + k. What is the highest common divisor of 12 and n?
6
Let x be ((-1)/(-4))/(6/24). Suppose -g + 15 = -x. Calculate the greatest common divisor of g and 2.
2
Let u(f) = -f**3 + 7*f**2 + 12*f + 2. Let m be u(5). Calculate the highest common divisor of m and 16.
16
Suppose -5*u = -3*u - 3*q - 28, -3*u - q = -20. Let r = -2 + 4. What is the greatest common divisor of r and u?
2
Let c(k) = k**3 - 20*k**2 + 3*k + 15. Let i be c(20). What is the highest common factor of i and 25?
25
Let q(z) = -z**2 + 8*z - 7. Let f be q(6). Suppose -3*s + 5*s + 5*l = 17, 5 = f*l. Calculate the highest common factor of 36 and s.
6
Suppose 7*y - 2*y - 300 = 0. What is the highest common factor of y and 24?
12
Suppose 4*z + 2*o - 390 = 0, -4*z - 4*o + 223 = -173. Calculate the highest common divisor of z and 12.
12
Let f be ((-42)/(-8))/((-7)/(3080/(-15))). What is the highest common factor of f and 14?
14
Suppose -4*w = -4*v - 8, -3*v + 5*v = -3*w + 16. What is the highest common factor of v and 1?
1
Let q(j) = j**3 - 10*j**2 - 10*j - 9. Let b be q(11). Suppose -2*p = -2*t + 10, -b*t + 3*p = -p - 14. Calculate the highest common divisor of t and 21.
3
Suppose -4*i = -r + 5, -3*i + 14 = 3*r - 1. Calculate the greatest common factor of 75 and r.
5
Suppose 0*k - 7*k = -98. Suppose 3*h = -4*c + 442, 2*h - 124 = -2*c + 96. What is the greatest common divisor of c and k?
14
Suppose 0 = 4*s + 5*w - 435, -461 + 129 = -3*s + 2*w. Calculate the highest common factor of 165 and s.
55
Suppose 3*y = -3*d - d + 8, -12 = 3*y. Suppose 0 = -d*k + 39 + 61. Calculate the highest common divisor of k and 4.
4
Suppose 5*j + y - 569 - 467 = 0, 0 = -2*j + 4*y + 432. What is the highest common factor of 16 and j?
16
Let c = -12 - -21. Calculate the highest common factor of 1 and c.
1
Let o = 48 - -12. Calculate the highest common divisor of o and 15.
15
Suppose -4*k + 7*k - 15 = -3*t, 4*k = 2*t + 26. Calculate the greatest common divisor of 9 and k.
3
Let s be (42 - 4 - 4)*-1. Let w = s + 48. What is the greatest common divisor of w and 28?
14
Suppose -f - k = 16, 14 = -0*f - f + k. Let w = f - -24. Suppose -5*y = t - 5*t + 113, -y + 134 = 5*t. Calculate the greatest common divisor of w and t.
9
Let w be (-4238)/(-65) + 2/(-10). Suppose -w + 15 = -5*c. Calculate the greatest common factor of c and 70.
10
Let b be 3*(-3)/9*123. Let t = 112 - -163. Let o = t + b. Calculate the greatest common divisor of 19 and o.
19
Let q be 4/10 - (-78)/5. Let j(h) = -3*h + 11*h - 6*h - 8. Let a be j(6). What is the highest common factor of a and q?
4
Suppose -558 = -c - 3*c - o, 5*o = 2*c - 290. What is the highest common factor of c and 28?
28
Suppose 5*g = -w + 6, 0 = 4*w - 4*g - 39 + 15. Let s(y) = 4*y**2 - 3*y + 7. Let a be s(6). Let j = a - 85. Calculate the greatest common divisor of w and j.
6
Let l = 99 - 178. Let s be (-12)/(-54) + l/(-9). Calculate the highest common factor of s and 9.
9
Let r = 20 - -26. Let d = -18 + r. Calculate the highest common divisor of d and 7.
7
Let i = -45 + 71. Calculate the highest common factor of 143 and i.
13
Let g = 51 - 47. What is the greatest common divisor of g and 100?
4
Let c be (-4036)/(-18) + (-24)/108. Calculate the highest common divisor of 14 and c.
14
Let g(f) = 7*f**2 - 15*f + 9. Let x be g(6). What is the highest common divisor of x and 19?
19
Suppose 3*a = 5*m + 91, 4*a = 4*m - 2*m + 98. Calculate the greatest common divisor of a and 154.
22
Let m(j) = -j**3 + 14*j**2 - 24*j + 7. Let o be m(12). What is the greatest common divisor of o and 35?
7
Let z = -17 - -43. Calculate the highest common factor of z and 39.
13
Let f be 18*-1*(-11)/2. Calculate the highest common factor of f and 9.
9
Suppose 1 = 2*q - 3. What is the highest common factor of q and 22?
2
Let b(a) = a**3 - 5*a**2 - 4*a - 4. Suppose 3 = 3*r - 15. Let k be b(r). Let t be ((-6)/(-9))/(4/6). Calculate the greatest common divisor of k and t.
1
Let y(n) = -2*n**2 + 4*n**2 + 1 - 5*n + 1. Let s be y(3). Suppose -2*z - 2*z - s*b = -32, -4*z = 2*b - 32. Calculate the greatest common divisor of 56 and z.
8
Suppose 0 = -f - g - 3*g - 12, 2*g - 6 = -2*f. Let l = 104 + -72. What is the highest common divisor of l and f?
8
Let h = -17 + 19. Calculate the greatest common factor of 2 and h.
2
Let p = -12 - -24. Suppose -3 = -2*a - b, -a - 3*b - 3 = -2. Suppose 0*l - 2*l + 4*c + 232 = 0, -4*c = a*l - 200. What is the highest common divisor of l and p?
12
Let v(y) = 4*y**3 - 15 - 3*y**3 + 13*y**2 + 5*y - 2*y**2. Let b be v(-11). Let x = b + 155. Calculate the greatest common factor of x and 34.
17
Let d be ((-68)/20)/((-3)/15). What is the greatest common factor of d and 17?
17
Let t(o) = -o**2 - 5*o + 6. Let k be t(-6). Suppose 4*h + 5*d - 108 = k, -5*d + d = 16. Suppose -q + h = q. What is the highest common divisor of q and 176?
16
Suppose 0 = 4*m - m + 3*x - 60, -66 = -4*m + 3*x. Suppose 0 = -a + 3*i, a + a - 10 = -4*i. Suppose k - 36 = -a*k. What is the highest common factor of k and m?
9
Suppose -5*r + 5*f = -70, 4*r + 2*f + 18 = 56. Let j = 53 + -1. Let q = j + -19. Calculate the highest common divisor of q and r.
11
Let z be -5*(3 + 42/(-5)). Suppose -2*q + z = q. Calculate the highest common factor of 18 and q.
9
Suppose -f + 2*f = 5. Let z(x) = x**3 + 6*x**2 + 2. Let j be z(-6). Let q be (40/(-6))/(j/(-6)). What is the greatest common factor of f and q?
5
Let z = 16 + -6. Let g = -48 - -118. Calculate the greatest common factor of z and g.
10
Let t be (9/(-6))/((-1)/14). What is the highest common divisor of 63 and t?
21
Let h = 4 - -52. Let w = 5 - -3. Calculate the greatest common divisor of h and w.
8
Let x be -2 + 4 + 1 - -1. Suppose x = 4*b - 2*b. What is the greatest common factor of 2 and b?
2
Let v = 24 + -14. Suppose -4*q + 14 = -2. Calculate the highest common divisor of q and v.
2
Let g be 2/4 - 94/(-4). Suppose 0 = -0*t + 5*t - 10, 34 = 3*v + 5*t. What is the greatest common divisor of v and g?
8
Let j be -1 - -1 - (0 - 3). Suppose -4*m - 2*c - 6 = 0, 0*c + 3*c = -j*m - 12. Calculate the highest common divisor of 3 and m.
1
Let h(l) = 199*l**2 + 1. Let d be h(1). Calculate the highest common factor of 20 and d.
20
Suppose 89 = 2*p + 5*n, -5*p - 4*n + 22 = -192. What is the greatest common divisor of 14 and p?
14
Suppose 5*n + 0 = 40. Calculate the greatest common divisor of 20 and n.
4
Suppose -o + 2*c = -0 - 8, -6 = -3*o - 3*c. Let w(h) be the third derivative of h**4/12 - 2*h**2. Let j be w(o). Calculate the highest common factor of j and 1.
1
Suppose -10 = -5*w - 0. Calculate the highest common divisor of w and 26.
2
Suppose 4*r = 126 - 38. Let q = 11 - 20. Let u be ((-264)/q)/((-2)/(-6)). Calculate the highest common divisor of u and r.
22
Let n = 22 + -134. Let o = n + -58. Let z = -110 - o. What is the greatest common factor of 24 and z?
12
Let l be (1 - -3)*6/(-4). Suppose -2*y + 15 = -7. Let b = y + l. What is the greatest common divisor of 40 and b?
5
Let a(n) be the third derivative of n**5/60 + n**4/8 - n**3/2 + 2*n**2. Let d = 14 - 8. Let u be a(d). Calculate the highest common divisor of u and 17.
17
Let l(x) = 7*x - 2. Let d be l(5). Calculate the highest common factor of d and 22.
11
Let j = -68 + 106. Suppose -7*i + 592 = -3*i + 4*w, 2*w = i - 142. Let y = i - j. Calculate the highest common factor of y and 12.
12
Let o be (-2)/(-12) + 1000/48. What is the greatest common factor of 14 and o?
7
Let t be ((-6)/4)/(1/(-2)) - -42. Let q = 9 + 6. What is the greatest common factor of t and q?
15
Suppose -62 = 4*g - 158. Calculate the highest common divisor of 16 and g.
8
Let g = -5 + 20. Calculate the highest common factor of 135 and g.
15
Let r(l) = 5 + 0*l**3 - 20*l**2 + 21*l**2 - l**3. Let m be r(0). Calculate the highest common divisor of m and 40.
5
Suppose 0 = -3*q + 2*h, 4*q + 1 = 2*h - 1. Let x be -1*-5*q/(-2). Suppose w + 74 = x*y, 5*y - 3*w + 7 - 89 = 0. Calculate the highest common divisor of 2 and y.
2
Let q(